{"id":2810,"date":"2025-06-29T09:46:09","date_gmt":"2025-06-29T07:46:09","guid":{"rendered":"https:\/\/festivalchateaubleu.fr\/?page_id=2810"},"modified":"2025-07-20T18:36:08","modified_gmt":"2025-07-20T16:36:08","slug":"vincent-gasoil","status":"publish","type":"page","link":"https:\/\/festivalchateaubleu.fr\/?page_id=2810","title":{"rendered":"VINCENT GASOIL &#8211; Vendredi 22\/08"},"content":{"rendered":"\n<p>Originaire de Nantes, et d\u00e9sormais Rennais d\u2019adoption depuis 10 ans, Vincent Gasoil se consacre \u00e0 l\u2019exploration sonore et \u00e0 la cr\u00e9ation musicale. Son style trouve ses racines dans la trance progressive, un genre ou il s\u2019\u00e9panouis en m\u00ealant m\u00e9lodies envo\u00fbtantes, rythmiques hypnotiques et une \u00e9nergie qui transporte. Cette passion pour les univers \u00e9lectroniques l\u2019a r\u00e9cemment conduit \u00e0 explorer de nouveaux horizons : la dub, la bass music, et les sonorit\u00e9s percutantes de l\u2019\u00e9lectro enrichissent aujourd\u2019hui ses sets.<\/p>\n\n\n\n<div class=\"wp-block-columns is-layout-flex wp-container-core-columns-is-layout-9d6595d7 wp-block-columns-is-layout-flex\">\n<div class=\"wp-block-column is-layout-flow wp-block-column-is-layout-flow\">\n<figure class=\"wp-block-image size-full\"><img loading=\"lazy\" decoding=\"async\" width=\"517\" height=\"696\" src=\"https:\/\/festivalchateaubleu.fr\/wp-content\/uploads\/2025\/06\/image-1.png\" alt=\"\" class=\"wp-image-2811\" srcset=\"https:\/\/festivalchateaubleu.fr\/wp-content\/uploads\/2025\/06\/image-1.png 517w, https:\/\/festivalchateaubleu.fr\/wp-content\/uploads\/2025\/06\/image-1-223x300.png 223w\" sizes=\"auto, (max-width: 517px) 100vw, 517px\" \/><\/figure>\n<\/div>\n\n\n\n<div class=\"wp-block-column is-layout-flow wp-block-column-is-layout-flow\">\n<p>C\u2019est en sillonnant les raves party bretonnes et autres teufs en tout genre qu\u2019il se trouva un caract\u00e8re musical bien \u00e0 lui. <br>Amoureux de la trance et du tuning, il trouve sa place dans une musique bien 90\u2019s oscillant entre eurodance, acid trance et trance progressive. <br>La vitesse n\u2019a aucun secret pour lui.<\/p>\n\n\n\n<p><strong>Citation favorite<\/strong> <\/p>\n\n\n\n<p>\u201cFais confiance \u00e0 Dieu, mais ferme ta voiture \u00e0 cl\u00e9.\u201d<\/p>\n\n\n\n<p><\/p>\n\n\n\n<p><\/p>\n\n\n\n<h3 class=\"wp-block-heading\">R\u00e9seaux<\/h3>\n\n\n\n<ul class=\"wp-block-list\">\n<li>SC : <a href=\"https:\/\/soundcloud.com\/vincentgasoil\" target=\"_blank\" rel=\"noreferrer noopener\">https:\/\/soundcloud.com\/vincentgasoil<\/a><\/li>\n\n\n\n<li>Insta &nbsp;<a href=\"https:\/\/www.instagram.com\/vincenzo_gasolina\/\" target=\"_blank\" rel=\"noreferrer noopener\">: www.instagram.com\/vincenzo_gasolina<\/a><\/li>\n<\/ul>\n<\/div>\n<\/div>\n","protected":false},"excerpt":{"rendered":"<p>Originaire de Nantes, et d\u00e9sormais Rennais d\u2019adoption depuis 10 ans, Vincent Gasoil se consacre \u00e0 l\u2019exploration sonore et \u00e0 la [&hellip;]<\/p>\n","protected":false},"author":1,"featured_media":2812,"parent":0,"menu_order":0,"comment_status":"closed","ping_status":"closed","template":"","meta":{"footnotes":""},"class_list":["post-2810","page","type-page","status-publish","has-post-thumbnail","hentry"],"yoast_head":"<!-- This site is optimized with the Yoast SEO plugin v25.7 - https:\/\/yoast.com\/wordpress\/plugins\/seo\/ -->\n<title>VINCENT GASOIL - Vendredi 22\/08 - Ch\u00e2teau Bleu<\/title>\n<meta name=\"robots\" content=\"index, follow, max-snippet:-1, max-image-preview:large, max-video-preview:-1\" \/>\n<link rel=\"canonical\" href=\"https:\/\/festivalchateaubleu.fr\/?page_id=2810\" \/>\n<meta property=\"og:locale\" content=\"fr_FR\" \/>\n<meta property=\"og:type\" content=\"article\" \/>\n<meta property=\"og:title\" content=\"VINCENT GASOIL - Vendredi 22\/08 - Ch\u00e2teau Bleu\" \/>\n<meta property=\"og:description\" content=\"Originaire de Nantes, et d\u00e9sormais Rennais d\u2019adoption depuis 10 ans, Vincent Gasoil se consacre \u00e0 l\u2019exploration sonore et \u00e0 la [&hellip;]\" \/>\n<meta property=\"og:url\" content=\"https:\/\/festivalchateaubleu.fr\/?page_id=2810\" \/>\n<meta property=\"og:site_name\" content=\"Ch\u00e2teau Bleu\" \/>\n<meta property=\"article:publisher\" content=\"https:\/\/www.facebook.com\/barbebleuepornic\" \/>\n<meta property=\"article:modified_time\" content=\"2025-07-20T16:36:08+00:00\" \/>\n<meta property=\"og:image\" content=\"http:\/\/festivalchateaubleu.fr\/wp-content\/uploads\/2025\/06\/Vincent-gazoil.png\" \/>\n\t<meta property=\"og:image:width\" content=\"1172\" \/>\n\t<meta property=\"og:image:height\" content=\"658\" \/>\n\t<meta property=\"og:image:type\" content=\"image\/png\" \/>\n<meta name=\"twitter:card\" content=\"summary_large_image\" \/>\n<meta name=\"twitter:label1\" content=\"Dur\u00e9e de lecture estim\u00e9e\" \/>\n\t<meta name=\"twitter:data1\" content=\"2 minutes\" \/>\n<script type=\"application\/ld+json\" class=\"yoast-schema-graph\">{\"@context\":\"https:\/\/schema.org\",\"@graph\":[{\"@type\":\"WebPage\",\"@id\":\"https:\/\/festivalchateaubleu.fr\/?page_id=2810\",\"url\":\"https:\/\/festivalchateaubleu.fr\/?page_id=2810\",\"name\":\"VINCENT GASOIL - Vendredi 22\/08 - Ch\u00e2teau Bleu\",\"isPartOf\":{\"@id\":\"https:\/\/festivalchateaubleu.fr\/#website\"},\"primaryImageOfPage\":{\"@id\":\"https:\/\/festivalchateaubleu.fr\/?page_id=2810#primaryimage\"},\"image\":{\"@id\":\"https:\/\/festivalchateaubleu.fr\/?page_id=2810#primaryimage\"},\"thumbnailUrl\":\"https:\/\/festivalchateaubleu.fr\/wp-content\/uploads\/2025\/06\/Vincent-gazoil.png\",\"datePublished\":\"2025-06-29T07:46:09+00:00\",\"dateModified\":\"2025-07-20T16:36:08+00:00\",\"breadcrumb\":{\"@id\":\"https:\/\/festivalchateaubleu.fr\/?page_id=2810#breadcrumb\"},\"inLanguage\":\"fr-FR\",\"potentialAction\":[{\"@type\":\"ReadAction\",\"target\":[\"https:\/\/festivalchateaubleu.fr\/?page_id=2810\"]}]},{\"@type\":\"ImageObject\",\"inLanguage\":\"fr-FR\",\"@id\":\"https:\/\/festivalchateaubleu.fr\/?page_id=2810#primaryimage\",\"url\":\"https:\/\/festivalchateaubleu.fr\/wp-content\/uploads\/2025\/06\/Vincent-gazoil.png\",\"contentUrl\":\"https:\/\/festivalchateaubleu.fr\/wp-content\/uploads\/2025\/06\/Vincent-gazoil.png\",\"width\":1172,\"height\":658,\"caption\":\"Vincent Gasoil\"},{\"@type\":\"BreadcrumbList\",\"@id\":\"https:\/\/festivalchateaubleu.fr\/?page_id=2810#breadcrumb\",\"itemListElement\":[{\"@type\":\"ListItem\",\"position\":1,\"name\":\"Accueil\",\"item\":\"https:\/\/festivalchateaubleu.fr\/\"},{\"@type\":\"ListItem\",\"position\":2,\"name\":\"VINCENT GASOIL &#8211; Vendredi 22\/08\"}]},{\"@type\":\"WebSite\",\"@id\":\"https:\/\/festivalchateaubleu.fr\/#website\",\"url\":\"https:\/\/festivalchateaubleu.fr\/\",\"name\":\"Festival Ch\u00e2teau Bleu 7\",\"description\":\"Musiques \u00e9lectroniques &amp; Arts graphiques\",\"publisher\":{\"@id\":\"https:\/\/festivalchateaubleu.fr\/#organization\"},\"potentialAction\":[{\"@type\":\"SearchAction\",\"target\":{\"@type\":\"EntryPoint\",\"urlTemplate\":\"https:\/\/festivalchateaubleu.fr\/?s={search_term_string}\"},\"query-input\":{\"@type\":\"PropertyValueSpecification\",\"valueRequired\":true,\"valueName\":\"search_term_string\"}}],\"inLanguage\":\"fr-FR\"},{\"@type\":\"Organization\",\"@id\":\"https:\/\/festivalchateaubleu.fr\/#organization\",\"name\":\"Festival Ch\u00e2teau Bleu 7\",\"alternateName\":\"Ch\u00e2teau Bleu\",\"url\":\"https:\/\/festivalchateaubleu.fr\/\",\"logo\":{\"@type\":\"ImageObject\",\"inLanguage\":\"fr-FR\",\"@id\":\"https:\/\/festivalchateaubleu.fr\/#\/schema\/logo\/image\/\",\"url\":\"https:\/\/festivalchateaubleu.fr\/wp-content\/uploads\/2025\/07\/cropped-stickers_V2-removebg-preview.png\",\"contentUrl\":\"https:\/\/festivalchateaubleu.fr\/wp-content\/uploads\/2025\/07\/cropped-stickers_V2-removebg-preview.png\",\"width\":285,\"height\":307,\"caption\":\"Festival Ch\u00e2teau Bleu 7\"},\"image\":{\"@id\":\"https:\/\/festivalchateaubleu.fr\/#\/schema\/logo\/image\/\"},\"sameAs\":[\"https:\/\/www.facebook.com\/barbebleuepornic\"]}]}<\/script>\n<!-- \/ Yoast SEO plugin. -->","yoast_head_json":{"title":"VINCENT GASOIL - Vendredi 22\/08 - Ch\u00e2teau Bleu","robots":{"index":"index","follow":"follow","max-snippet":"max-snippet:-1","max-image-preview":"max-image-preview:large","max-video-preview":"max-video-preview:-1"},"canonical":"https:\/\/festivalchateaubleu.fr\/?page_id=2810","og_locale":"fr_FR","og_type":"article","og_title":"VINCENT GASOIL - Vendredi 22\/08 - Ch\u00e2teau Bleu","og_description":"Originaire de Nantes, et d\u00e9sormais Rennais d\u2019adoption depuis 10 ans, Vincent Gasoil se consacre \u00e0 l\u2019exploration sonore et \u00e0 la [&hellip;]","og_url":"https:\/\/festivalchateaubleu.fr\/?page_id=2810","og_site_name":"Ch\u00e2teau Bleu","article_publisher":"https:\/\/www.facebook.com\/barbebleuepornic","article_modified_time":"2025-07-20T16:36:08+00:00","og_image":[{"width":1172,"height":658,"url":"http:\/\/festivalchateaubleu.fr\/wp-content\/uploads\/2025\/06\/Vincent-gazoil.png","type":"image\/png"}],"twitter_card":"summary_large_image","twitter_misc":{"Dur\u00e9e de lecture estim\u00e9e":"2 minutes"},"schema":{"@context":"https:\/\/schema.org","@graph":[{"@type":"WebPage","@id":"https:\/\/festivalchateaubleu.fr\/?page_id=2810","url":"https:\/\/festivalchateaubleu.fr\/?page_id=2810","name":"VINCENT GASOIL - Vendredi 22\/08 - Ch\u00e2teau Bleu","isPartOf":{"@id":"https:\/\/festivalchateaubleu.fr\/#website"},"primaryImageOfPage":{"@id":"https:\/\/festivalchateaubleu.fr\/?page_id=2810#primaryimage"},"image":{"@id":"https:\/\/festivalchateaubleu.fr\/?page_id=2810#primaryimage"},"thumbnailUrl":"https:\/\/festivalchateaubleu.fr\/wp-content\/uploads\/2025\/06\/Vincent-gazoil.png","datePublished":"2025-06-29T07:46:09+00:00","dateModified":"2025-07-20T16:36:08+00:00","breadcrumb":{"@id":"https:\/\/festivalchateaubleu.fr\/?page_id=2810#breadcrumb"},"inLanguage":"fr-FR","potentialAction":[{"@type":"ReadAction","target":["https:\/\/festivalchateaubleu.fr\/?page_id=2810"]}]},{"@type":"ImageObject","inLanguage":"fr-FR","@id":"https:\/\/festivalchateaubleu.fr\/?page_id=2810#primaryimage","url":"https:\/\/festivalchateaubleu.fr\/wp-content\/uploads\/2025\/06\/Vincent-gazoil.png","contentUrl":"https:\/\/festivalchateaubleu.fr\/wp-content\/uploads\/2025\/06\/Vincent-gazoil.png","width":1172,"height":658,"caption":"Vincent Gasoil"},{"@type":"BreadcrumbList","@id":"https:\/\/festivalchateaubleu.fr\/?page_id=2810#breadcrumb","itemListElement":[{"@type":"ListItem","position":1,"name":"Accueil","item":"https:\/\/festivalchateaubleu.fr\/"},{"@type":"ListItem","position":2,"name":"VINCENT GASOIL &#8211; Vendredi 22\/08"}]},{"@type":"WebSite","@id":"https:\/\/festivalchateaubleu.fr\/#website","url":"https:\/\/festivalchateaubleu.fr\/","name":"Festival Ch\u00e2teau Bleu 7","description":"Musiques \u00e9lectroniques &amp; Arts graphiques","publisher":{"@id":"https:\/\/festivalchateaubleu.fr\/#organization"},"potentialAction":[{"@type":"SearchAction","target":{"@type":"EntryPoint","urlTemplate":"https:\/\/festivalchateaubleu.fr\/?s={search_term_string}"},"query-input":{"@type":"PropertyValueSpecification","valueRequired":true,"valueName":"search_term_string"}}],"inLanguage":"fr-FR"},{"@type":"Organization","@id":"https:\/\/festivalchateaubleu.fr\/#organization","name":"Festival Ch\u00e2teau Bleu 7","alternateName":"Ch\u00e2teau Bleu","url":"https:\/\/festivalchateaubleu.fr\/","logo":{"@type":"ImageObject","inLanguage":"fr-FR","@id":"https:\/\/festivalchateaubleu.fr\/#\/schema\/logo\/image\/","url":"https:\/\/festivalchateaubleu.fr\/wp-content\/uploads\/2025\/07\/cropped-stickers_V2-removebg-preview.png","contentUrl":"https:\/\/festivalchateaubleu.fr\/wp-content\/uploads\/2025\/07\/cropped-stickers_V2-removebg-preview.png","width":285,"height":307,"caption":"Festival Ch\u00e2teau Bleu 7"},"image":{"@id":"https:\/\/festivalchateaubleu.fr\/#\/schema\/logo\/image\/"},"sameAs":["https:\/\/www.facebook.com\/barbebleuepornic"]}]}},"_links":{"self":[{"href":"https:\/\/festivalchateaubleu.fr\/index.php?rest_route=\/wp\/v2\/pages\/2810","targetHints":{"allow":["GET"]}}],"collection":[{"href":"https:\/\/festivalchateaubleu.fr\/index.php?rest_route=\/wp\/v2\/pages"}],"about":[{"href":"https:\/\/festivalchateaubleu.fr\/index.php?rest_route=\/wp\/v2\/types\/page"}],"author":[{"embeddable":true,"href":"https:\/\/festivalchateaubleu.fr\/index.php?rest_route=\/wp\/v2\/users\/1"}],"replies":[{"embeddable":true,"href":"https:\/\/festivalchateaubleu.fr\/index.php?rest_route=%2Fwp%2Fv2%2Fcomments&post=2810"}],"version-history":[{"count":6,"href":"https:\/\/festivalchateaubleu.fr\/index.php?rest_route=\/wp\/v2\/pages\/2810\/revisions"}],"predecessor-version":[{"id":3014,"href":"https:\/\/festivalchateaubleu.fr\/index.php?rest_route=\/wp\/v2\/pages\/2810\/revisions\/3014"}],"wp:featuredmedia":[{"embeddable":true,"href":"https:\/\/festivalchateaubleu.fr\/index.php?rest_route=\/wp\/v2\/media\/2812"}],"wp:attachment":[{"href":"https:\/\/festivalchateaubleu.fr\/index.php?rest_route=%2Fwp%2Fv2%2Fmedia&parent=2810"}],"curies":[{"name":"wp","href":"https:\/\/api.w.org\/{rel}","templated":true}]}}